{"id":110,"date":"2023-06-29T20:31:59","date_gmt":"2023-06-29T18:31:59","guid":{"rendered":"http:\/\/localhost\/frauenzentrumgf\/?page_id=110"},"modified":"2026-02-09T12:47:26","modified_gmt":"2026-02-09T11:47:26","slug":"vorstand","status":"publish","type":"page","link":"https:\/\/frauenzentrum-gf.de\/index.php\/vorstand\/","title":{"rendered":"Verein &#038; Vorstand"},"content":{"rendered":"\n<p>Ausz\u00fcge der Chronologie des Frauenzentrums Frauen(t)tr\u00e4ume e.V.<\/p>\n\n\n\n<div class=\"wp-block-columns is-layout-flex wp-container-core-columns-is-layout-9d6595d7 wp-block-columns-is-layout-flex\">\n<div class=\"wp-block-column is-layout-flow wp-block-column-is-layout-flow\" style=\"flex-basis:66.66%\">\n<ul class=\"wp-block-list\">\n<li>1990 Frauen(t)r\u00e4ume e.V. wird gegr\u00fcndet.<\/li>\n\n\n\n<li>1991 bezieht der Verein die R\u00e4ume in der Braunschweiger Stra\u00dfe.<\/li>\n\n\n\n<li>Das Frauenzentrum unterst\u00fctzt die Errichtung des Frauenhauses in Gifhorn.<\/li>\n\n\n\n<li>1994 besucht die Familienministerin Angela Merkel das Frauenzentrums.<\/li>\n\n\n\n<li>Es finden regelm\u00e4\u00dfige Treffen und Sonderveranstaltungen im Laufe der Jahre statt.<\/li>\n\n\n\n<li>Das Frauenzentrum unterst\u00fctzt und ber\u00e4t Frauen im Not und Gewaltsituationen durch die Kooperation mit einer Fachpraxis.<\/li>\n\n\n\n<li>Die Theatergruppe wirkt von Beginn des Frauenzentrums an, durch verschiedenen selbst inszenierte Frauenpolitische St\u00fccke und greift Themen wie z. B. Frauenarmut, Prostitution, Fl\u00fcchtlinge und  Grenzen auf. <\/li>\n\n\n\n<li>J\u00e4hrliche Einladung zum 8. M\u00e4rz der Mitglieder des Frauenzentrums, um den Weltfrauentag gemeinsam mit anderen Frauen aus der Umgebung zu feiern.<\/li>\n\n\n\n<li>Es findet regelm\u00e4\u00dfig das Frauenfr\u00fchst\u00fcck statt. Dazu l\u00e4dt Frauen(t)r\u00e4ume e.V. Referentinnen, die sich Engagieren, aus der Umgebung ein, um \u00fcber die Organisationen zu informieren.<\/li>\n\n\n\n<li>Seit 2009 organisiert das Frauenzentrum regelm\u00e4\u00dfig \u00fcber die Herbst- und Wintermonate das Frauenkino.<\/li>\n\n\n\n<li>2008 startete das Frauenzentrum auch die Magenta-Reihe als Diskussionsforum, um politische Themen informativ f\u00fcr Frauen jeden Alters zug\u00e4nglich zu machen.<\/li>\n\n\n\n<li>In den Jahren 2008-2010 werden M\u00e4dchentreffen zum Frauentag organisiert.<\/li>\n\n\n\n<li>Im Februar 2010 feiert Frauen(t)r\u00e4ume e.V. sein 20-jahriges bestehen.<\/li>\n\n\n\n<li>Buchvorstellungen und Lesungen geh\u00f6ren ebenfalls seit der Gr\u00fcndung des Frauenzentrums dazu.<\/li>\n\n\n\n<li>Vor lokalen Wahlen, werden gerne Politiker und vor allem Politikerinnen eingeladen, um ihnen den Raum f\u00fcr ihre Interessen zu geben. Z.B. B\u00fcrgermeister Matthias Nerlich und Landr\u00e4tin Marion Lau.<\/li>\n\n\n\n<li>Im Mai 2015 feierte das Frauenzentrum 25-j\u00e4hriges Jubil\u00e4um mit einem Frauen-Festmahl im Gifhorner Schloss.<\/li>\n\n\n\n<li> Seit Mai 2019 haben wir die Hebammenzentrale als Kooperations-Partner in unseren R\u00e4umlichkeiten.<\/li>\n<\/ul>\n<\/div>\n\n\n\n<div class=\"wp-block-column is-layout-flow wp-block-column-is-layout-flow\" style=\"flex-basis:33.33%\">\n<figure class=\"wp-block-image size-full\"><img loading=\"lazy\" decoding=\"async\" width=\"807\" height=\"945\" src=\"https:\/\/frauenzentrum-gf.de\/wp-content\/uploads\/2026\/02\/0.jpg\" alt=\"\" class=\"wp-image-998\" srcset=\"https:\/\/frauenzentrum-gf.de\/wp-content\/uploads\/2026\/02\/0.jpg 807w, https:\/\/frauenzentrum-gf.de\/wp-content\/uploads\/2026\/02\/0-256x300.jpg 256w, https:\/\/frauenzentrum-gf.de\/wp-content\/uploads\/2026\/02\/0-768x899.jpg 768w\" sizes=\"auto, (max-width: 807px) 100vw, 807px\" \/><\/figure>\n\n\n\n<p>Der Vorstand v.l.n.r.<br>Simone Puppe, Evelyn Rohn-Stenzel, Inga Senkel<\/p>\n<\/div>\n<\/div>\n\n\n\n<hr class=\"wp-block-separator has-alpha-channel-opacity\"\/>\n\n\n\n<p><a rel=\"noreferrer noopener\" href=\"http:\/\/localhost\/frauenzentrumgf\/index.php\/vereinssatzung\/\" data-type=\"page\" data-id=\"99\" target=\"_blank\">Vereinssatzung<\/a><br>Mitgliedsantrag<\/p>\n","protected":false},"excerpt":{"rendered":"<p>Ausz\u00fcge der Chronologie des Frauenzentrums Frauen(t)tr\u00e4ume e.V. Der Vorstand v.l.n.r.Simone Puppe, Evelyn Rohn-Stenzel, Inga Senkel VereinssatzungMitgliedsantrag<\/p>\n","protected":false},"author":1,"featured_media":0,"parent":0,"menu_order":0,"comment_status":"closed","ping_status":"closed","template":"","meta":{"footnotes":""},"class_list":["post-110","page","type-page","status-publish","hentry"],"_links":{"self":[{"href":"https:\/\/frauenzentrum-gf.de\/index.php\/wp-json\/wp\/v2\/pages\/110","targetHints":{"allow":["GET"]}}],"collection":[{"href":"https:\/\/frauenzentrum-gf.de\/index.php\/wp-json\/wp\/v2\/pages"}],"about":[{"href":"https:\/\/frauenzentrum-gf.de\/index.php\/wp-json\/wp\/v2\/types\/page"}],"author":[{"embeddable":true,"href":"https:\/\/frauenzentrum-gf.de\/index.php\/wp-json\/wp\/v2\/users\/1"}],"replies":[{"embeddable":true,"href":"https:\/\/frauenzentrum-gf.de\/index.php\/wp-json\/wp\/v2\/comments?post=110"}],"version-history":[{"count":22,"href":"https:\/\/frauenzentrum-gf.de\/index.php\/wp-json\/wp\/v2\/pages\/110\/revisions"}],"predecessor-version":[{"id":999,"href":"https:\/\/frauenzentrum-gf.de\/index.php\/wp-json\/wp\/v2\/pages\/110\/revisions\/999"}],"wp:attachment":[{"href":"https:\/\/frauenzentrum-gf.de\/index.php\/wp-json\/wp\/v2\/media?parent=110"}],"curies":[{"name":"wp","href":"https:\/\/api.w.org\/{rel}","templated":true}]}}