{"id":58,"date":"2023-06-29T18:29:57","date_gmt":"2023-06-29T16:29:57","guid":{"rendered":"http:\/\/localhost\/frauenzentrumgf\/?page_id=58"},"modified":"2023-07-03T16:51:39","modified_gmt":"2023-07-03T14:51:39","slug":"got-to-see","status":"publish","type":"page","link":"https:\/\/frauenzentrum-gf.de\/index.php\/got-to-see\/","title":{"rendered":"Got To See"},"content":{"rendered":"<ul class=\"wp-block-latest-posts__list wp-block-latest-posts\"><li><div class=\"wp-block-latest-posts__featured-image alignleft\"><img loading=\"lazy\" decoding=\"async\" width=\"150\" height=\"150\" src=\"https:\/\/frauenzentrum-gf.de\/wp-content\/uploads\/2024\/04\/magenta-e1712519324463-150x150.png\" class=\"attachment-thumbnail size-thumbnail wp-post-image\" alt=\"\" style=\"max-width:170px;max-height:150px;\" \/><\/div><a class=\"wp-block-latest-posts__post-title\" href=\"https:\/\/frauenzentrum-gf.de\/index.php\/2024\/04\/07\/magenta-glueck-glanz-und-schokolade\/\">Magenta &#8211; Gl\u00fcck, Glanz und Schokolade<\/a><div class=\"wp-block-latest-posts__post-excerpt\">Am Mittwoch, dem 13. M\u00e4rz 2024, \u00f6ffnete das Gifhorner Frauenzentrum Frauen(t)r\u00e4ume seine T\u00fcren f\u00fcr alle Frauen zu einem ganz besonderen Abend voller Freude und Inspiration. Unter dem Motto &#8222;Gl\u00fcck, Glanz und Schokolade&#8220; entf\u00fchrte die Referentin Ulla Stresing-Momberg die Teilnehmerinnen auf<p class=\"more-link\"><a href=\"https:\/\/frauenzentrum-gf.de\/index.php\/2024\/04\/07\/magenta-glueck-glanz-und-schokolade\/\" class=\"themebutton2\">Read More<\/a><\/p><\/div><\/li>\n<li><div class=\"wp-block-latest-posts__featured-image alignleft\"><img loading=\"lazy\" decoding=\"async\" width=\"150\" height=\"150\" src=\"https:\/\/frauenzentrum-gf.de\/wp-content\/uploads\/2024\/04\/magenta-e1712519324463-150x150.png\" class=\"attachment-thumbnail size-thumbnail wp-post-image\" alt=\"\" style=\"max-width:170px;max-height:150px;\" \/><\/div><a class=\"wp-block-latest-posts__post-title\" href=\"https:\/\/frauenzentrum-gf.de\/index.php\/2024\/04\/07\/magenta-frauen-und-sicherheit\/\">Magenta &#8211; Frauen und Sicherheit<\/a><div class=\"wp-block-latest-posts__post-excerpt\">Am 14. Februar 2024 lud das Frauenzentrum Frauen(t)r\u00e4ume e. V. interessierte Frauen zu einem spannenden Abend in die R\u00e4ume in der Braunschweiger Stra\u00dfe 15 in Gifhorn ein. Im Rahmen der Veranstaltungsreihe &#8222;Magenta&#8220; hielt Hauptkommissarin Liane J\u00e4ger von der Polizei Gifhorn<p class=\"more-link\"><a href=\"https:\/\/frauenzentrum-gf.de\/index.php\/2024\/04\/07\/magenta-frauen-und-sicherheit\/\" class=\"themebutton2\">Read More<\/a><\/p><\/div><\/li>\n<li><div class=\"wp-block-latest-posts__featured-image alignleft\"><img loading=\"lazy\" decoding=\"async\" width=\"150\" height=\"150\" src=\"https:\/\/frauenzentrum-gf.de\/wp-content\/uploads\/2023\/11\/Design-ohne-Titel-24-1-150x150.png\" class=\"attachment-thumbnail size-thumbnail wp-post-image\" alt=\"\" style=\"max-width:170px;max-height:150px;\" srcset=\"https:\/\/frauenzentrum-gf.de\/wp-content\/uploads\/2023\/11\/Design-ohne-Titel-24-1-150x150.png 150w, https:\/\/frauenzentrum-gf.de\/wp-content\/uploads\/2023\/11\/Design-ohne-Titel-24-1-300x300.png 300w, https:\/\/frauenzentrum-gf.de\/wp-content\/uploads\/2023\/11\/Design-ohne-Titel-24-1-1024x1024.png 1024w, https:\/\/frauenzentrum-gf.de\/wp-content\/uploads\/2023\/11\/Design-ohne-Titel-24-1-768x768.png 768w, https:\/\/frauenzentrum-gf.de\/wp-content\/uploads\/2023\/11\/Design-ohne-Titel-24-1.png 1080w\" sizes=\"auto, (max-width: 150px) 100vw, 150px\" \/><\/div><a class=\"wp-block-latest-posts__post-title\" href=\"https:\/\/frauenzentrum-gf.de\/index.php\/2023\/11\/07\/orange-day-2023-symbolisch-gegen-gewalt-gegen-frauen\/\">Orange Day 2023 &#8211; Symbolisch gegen Gewalt gegen Frauen<\/a><div class=\"wp-block-latest-posts__post-excerpt\">2023 wurden, ab dem 25. November, erneut die Orange Days weltweit als Zeichen des Engagements f\u00fcr die Beendigung von Gewalt gegen Frauen und M\u00e4dchen gefeiert. Auch das Frauenzentrum Gifhorn lie\u00df sich von der Bewegung inspirieren und setzte ein kraftvolles Zeichen<p class=\"more-link\"><a href=\"https:\/\/frauenzentrum-gf.de\/index.php\/2023\/11\/07\/orange-day-2023-symbolisch-gegen-gewalt-gegen-frauen\/\" class=\"themebutton2\">Read More<\/a><\/p><\/div><\/li>\n<li><a class=\"wp-block-latest-posts__post-title\" href=\"https:\/\/frauenzentrum-gf.de\/index.php\/2023\/10\/12\/frauenfruehstueck-14-september-2023\/\">Frauenfr\u00fchst\u00fcck 14. September 2023<\/a><div class=\"wp-block-latest-posts__post-excerpt\">Das Frauenfr\u00fchst\u00fcck am&nbsp;14. September&nbsp;war wieder einmal sehr gut besucht mit 27 Frauen. Diesmal waren&nbsp;Verena Maibaum&nbsp;(Gleichstellungsbeauftragte Gifhorn) und Rukiye Cankiran (Gleichstellungsbeauftragte Papenteich) als Referentinnen zu Besuch. Sehr informativ berichteten die beiden \u00fcber Ihre Arbeit und wie sich Frau Maibaum und Frau<p class=\"more-link\"><a href=\"https:\/\/frauenzentrum-gf.de\/index.php\/2023\/10\/12\/frauenfruehstueck-14-september-2023\/\" class=\"themebutton2\">Read More<\/a><\/p><\/div><\/li>\n<li><div class=\"wp-block-latest-posts__featured-image alignleft\"><img loading=\"lazy\" decoding=\"async\" width=\"150\" height=\"150\" src=\"https:\/\/frauenzentrum-gf.de\/wp-content\/uploads\/2023\/07\/54c7a209-6d5f-4a9f-9ede-82dba8df1fbd-150x150.jpeg\" class=\"attachment-thumbnail size-thumbnail wp-post-image\" alt=\"\" style=\"max-width:170px;max-height:150px;\" \/><\/div><a class=\"wp-block-latest-posts__post-title\" href=\"https:\/\/frauenzentrum-gf.de\/index.php\/2023\/07\/06\/frauenfruehstueck-06-juli-2023\/\">Frauenfr\u00fchst\u00fcck 06. Juli 2023<\/a><div class=\"wp-block-latest-posts__post-excerpt\">Alle zwei Monate, findet das Frauenfr\u00fchst\u00fcck durch Anne Jonas statt. Ab 9 Uhr startet das Fr\u00fchst\u00fcck mit Br\u00f6tchen, Kaffee, Tee und den mitgebrachten Bel\u00e4gen, Aufstrichen und Leckereien bis etwa 10 Uhr. Denn ab dann geben eingeladene Referentinnen einen Einblick in<p class=\"more-link\"><a href=\"https:\/\/frauenzentrum-gf.de\/index.php\/2023\/07\/06\/frauenfruehstueck-06-juli-2023\/\" class=\"themebutton2\">Read More<\/a><\/p><\/div><\/li>\n<li><div class=\"wp-block-latest-posts__featured-image alignleft\"><img loading=\"lazy\" decoding=\"async\" width=\"150\" height=\"107\" src=\"https:\/\/frauenzentrum-gf.de\/wp-content\/uploads\/2023\/07\/theaterfrauen-01.jpg\" class=\"attachment-thumbnail size-thumbnail wp-post-image\" alt=\"\" style=\"max-width:170px;max-height:150px;\" \/><\/div><a class=\"wp-block-latest-posts__post-title\" href=\"https:\/\/frauenzentrum-gf.de\/index.php\/2023\/07\/02\/hello-world\/\">Neugr\u00fcndung der Theatergruppe<\/a><div class=\"wp-block-latest-posts__post-excerpt\">Sei Teil unserer Theatergruppe im Frauenzentrum! Wir suchen engagierte und kreative Frauen, die ihre Leidenschaft f\u00fcr das Theater mit uns teilen m\u00f6chten. Wenn du Lust hast, auf der B\u00fchne zu stehen, Geschichten zum Leben zu erwecken und in einer unterst\u00fctzenden<p class=\"more-link\"><a href=\"https:\/\/frauenzentrum-gf.de\/index.php\/2023\/07\/02\/hello-world\/\" class=\"themebutton2\">Read More<\/a><\/p><\/div><\/li>\n<\/ul>","protected":false},"excerpt":{"rendered":"","protected":false},"author":1,"featured_media":0,"parent":0,"menu_order":0,"comment_status":"closed","ping_status":"closed","template":"","meta":{"footnotes":""},"class_list":["post-58","page","type-page","status-publish","hentry"],"_links":{"self":[{"href":"https:\/\/frauenzentrum-gf.de\/index.php\/wp-json\/wp\/v2\/pages\/58","targetHints":{"allow":["GET"]}}],"collection":[{"href":"https:\/\/frauenzentrum-gf.de\/index.php\/wp-json\/wp\/v2\/pages"}],"about":[{"href":"https:\/\/frauenzentrum-gf.de\/index.php\/wp-json\/wp\/v2\/types\/page"}],"author":[{"embeddable":true,"href":"https:\/\/frauenzentrum-gf.de\/index.php\/wp-json\/wp\/v2\/users\/1"}],"replies":[{"embeddable":true,"href":"https:\/\/frauenzentrum-gf.de\/index.php\/wp-json\/wp\/v2\/comments?post=58"}],"version-history":[{"count":12,"href":"https:\/\/frauenzentrum-gf.de\/index.php\/wp-json\/wp\/v2\/pages\/58\/revisions"}],"predecessor-version":[{"id":1001,"href":"https:\/\/frauenzentrum-gf.de\/index.php\/wp-json\/wp\/v2\/pages\/58\/revisions\/1001"}],"wp:attachment":[{"href":"https:\/\/frauenzentrum-gf.de\/index.php\/wp-json\/wp\/v2\/media?parent=58"}],"curies":[{"name":"wp","href":"https:\/\/api.w.org\/{rel}","templated":true}]}}

<ul class="wp-block-latest-posts__list wp-block-latest-posts"><li><div class="wp-block-latest-posts__featured-image alignleft"><img loading="lazy" decoding="async" width="150" height="150" src="https://frauenzentrum-gf.de/wp-content/uploads/2024/04/magenta-e1712519324463-150x150.png" class="attachment-thumbnail size-thumbnail wp-post-image" alt="" style="max-width:170px;max-height:150px;" /></div><a class="wp-block-latest-posts__post-title" href="https://frauenzentrum-gf.de/index.php/2024/04/07/magenta-glueck-glanz-und-schokolade/">Magenta &#8211; Glück, Glanz und Schokolade</a><div class="wp-block-latest-posts__post-excerpt">Am Mittwoch, dem 13. März 2024, öffnete das Gifhorner Frauenzentrum Frauen(t)räume seine Türen für alle Frauen zu einem ganz besonderen Abend voller Freude und Inspiration. Unter dem Motto &#8222;Glück, Glanz und Schokolade&#8220; entführte die Referentin Ulla Stresing-Momberg die Teilnehmerinnen auf<p class="more-link"><a href="https://frauenzentrum-gf.de/index.php/2024/04/07/magenta-glueck-glanz-und-schokolade/" class="themebutton2">Read More</a></p></div></li>
<li><div class="wp-block-latest-posts__featured-image alignleft"><img loading="lazy" decoding="async" width="150" height="150" src="https://frauenzentrum-gf.de/wp-content/uploads/2024/04/magenta-e1712519324463-150x150.png" class="attachment-thumbnail size-thumbnail wp-post-image" alt="" style="max-width:170px;max-height:150px;" /></div><a class="wp-block-latest-posts__post-title" href="https://frauenzentrum-gf.de/index.php/2024/04/07/magenta-frauen-und-sicherheit/">Magenta &#8211; Frauen und Sicherheit</a><div class="wp-block-latest-posts__post-excerpt">Am 14. Februar 2024 lud das Frauenzentrum Frauen(t)räume e. V. interessierte Frauen zu einem spannenden Abend in die Räume in der Braunschweiger Straße 15 in Gifhorn ein. Im Rahmen der Veranstaltungsreihe &#8222;Magenta&#8220; hielt Hauptkommissarin Liane Jäger von der Polizei Gifhorn<p class="more-link"><a href="https://frauenzentrum-gf.de/index.php/2024/04/07/magenta-frauen-und-sicherheit/" class="themebutton2">Read More</a></p></div></li>
<li><div class="wp-block-latest-posts__featured-image alignleft"><img loading="lazy" decoding="async" width="150" height="150" src="https://frauenzentrum-gf.de/wp-content/uploads/2023/11/Design-ohne-Titel-24-1-150x150.png" class="attachment-thumbnail size-thumbnail wp-post-image" alt="" style="max-width:170px;max-height:150px;" srcset="https://frauenzentrum-gf.de/wp-content/uploads/2023/11/Design-ohne-Titel-24-1-150x150.png 150w, https://frauenzentrum-gf.de/wp-content/uploads/2023/11/Design-ohne-Titel-24-1-300x300.png 300w, https://frauenzentrum-gf.de/wp-content/uploads/2023/11/Design-ohne-Titel-24-1-1024x1024.png 1024w, https://frauenzentrum-gf.de/wp-content/uploads/2023/11/Design-ohne-Titel-24-1-768x768.png 768w, https://frauenzentrum-gf.de/wp-content/uploads/2023/11/Design-ohne-Titel-24-1.png 1080w" sizes="auto, (max-width: 150px) 100vw, 150px" /></div><a class="wp-block-latest-posts__post-title" href="https://frauenzentrum-gf.de/index.php/2023/11/07/orange-day-2023-symbolisch-gegen-gewalt-gegen-frauen/">Orange Day 2023 &#8211; Symbolisch gegen Gewalt gegen Frauen</a><div class="wp-block-latest-posts__post-excerpt">2023 wurden, ab dem 25. November, erneut die Orange Days weltweit als Zeichen des Engagements für die Beendigung von Gewalt gegen Frauen und Mädchen gefeiert. Auch das Frauenzentrum Gifhorn ließ sich von der Bewegung inspirieren und setzte ein kraftvolles Zeichen<p class="more-link"><a href="https://frauenzentrum-gf.de/index.php/2023/11/07/orange-day-2023-symbolisch-gegen-gewalt-gegen-frauen/" class="themebutton2">Read More</a></p></div></li>
<li><a class="wp-block-latest-posts__post-title" href="https://frauenzentrum-gf.de/index.php/2023/10/12/frauenfruehstueck-14-september-2023/">Frauenfrühstück 14. September 2023</a><div class="wp-block-latest-posts__post-excerpt">Das Frauenfrühstück am&nbsp;14. September&nbsp;war wieder einmal sehr gut besucht mit 27 Frauen. Diesmal waren&nbsp;Verena Maibaum&nbsp;(Gleichstellungsbeauftragte Gifhorn) und Rukiye Cankiran (Gleichstellungsbeauftragte Papenteich) als Referentinnen zu Besuch. Sehr informativ berichteten die beiden über Ihre Arbeit und wie sich Frau Maibaum und Frau<p class="more-link"><a href="https://frauenzentrum-gf.de/index.php/2023/10/12/frauenfruehstueck-14-september-2023/" class="themebutton2">Read More</a></p></div></li>
<li><div class="wp-block-latest-posts__featured-image alignleft"><img loading="lazy" decoding="async" width="150" height="150" src="https://frauenzentrum-gf.de/wp-content/uploads/2023/07/54c7a209-6d5f-4a9f-9ede-82dba8df1fbd-150x150.jpeg" class="attachment-thumbnail size-thumbnail wp-post-image" alt="" style="max-width:170px;max-height:150px;" /></div><a class="wp-block-latest-posts__post-title" href="https://frauenzentrum-gf.de/index.php/2023/07/06/frauenfruehstueck-06-juli-2023/">Frauenfrühstück 06. Juli 2023</a><div class="wp-block-latest-posts__post-excerpt">Alle zwei Monate, findet das Frauenfrühstück durch Anne Jonas statt. Ab 9 Uhr startet das Frühstück mit Brötchen, Kaffee, Tee und den mitgebrachten Belägen, Aufstrichen und Leckereien bis etwa 10 Uhr. Denn ab dann geben eingeladene Referentinnen einen Einblick in<p class="more-link"><a href="https://frauenzentrum-gf.de/index.php/2023/07/06/frauenfruehstueck-06-juli-2023/" class="themebutton2">Read More</a></p></div></li>
<li><div class="wp-block-latest-posts__featured-image alignleft"><img loading="lazy" decoding="async" width="150" height="107" src="https://frauenzentrum-gf.de/wp-content/uploads/2023/07/theaterfrauen-01.jpg" class="attachment-thumbnail size-thumbnail wp-post-image" alt="" style="max-width:170px;max-height:150px;" /></div><a class="wp-block-latest-posts__post-title" href="https://frauenzentrum-gf.de/index.php/2023/07/02/hello-world/">Neugründung der Theatergruppe</a><div class="wp-block-latest-posts__post-excerpt">Sei Teil unserer Theatergruppe im Frauenzentrum! Wir suchen engagierte und kreative Frauen, die ihre Leidenschaft für das Theater mit uns teilen möchten. Wenn du Lust hast, auf der Bühne zu stehen, Geschichten zum Leben zu erwecken und in einer unterstützenden<p class="more-link"><a href="https://frauenzentrum-gf.de/index.php/2023/07/02/hello-world/" class="themebutton2">Read More</a></p></div></li>
</ul>
